{"id":373,"date":"2019-11-15T13:53:16","date_gmt":"2019-11-15T12:53:16","guid":{"rendered":"https:\/\/serwer1331410.home.pl\/home\/salonkosea\/www\/?page_id=373"},"modified":"2024-05-08T21:51:18","modified_gmt":"2024-05-08T19:51:18","slug":"profhilo","status":"publish","type":"page","link":"https:\/\/salonkosmetyczny-niemcza.pl\/?page_id=373","title":{"rendered":"Termicznie sieciowany kwas hialuronowy"},"content":{"rendered":"\t\t<div data-elementor-type=\"wp-page\" data-elementor-id=\"373\" class=\"elementor elementor-373\">\n\t\t\t\t\t\t<section class=\"elementor-section elementor-top-section elementor-element elementor-element-288017fc elementor-section-boxed elementor-section-height-default elementor-section-height-default wpr-particle-no wpr-jarallax-no wpr-parallax-no wpr-sticky-section-no\" data-id=\"288017fc\" data-element_type=\"section\">\n\t\t\t\t\t\t<div class=\"elementor-container elementor-column-gap-default\">\n\t\t\t\t\t<div class=\"elementor-column elementor-col-100 elementor-top-column elementor-element elementor-element-243c33d1\" data-id=\"243c33d1\" data-element_type=\"column\">\n\t\t\t<div class=\"elementor-widget-wrap elementor-element-populated\">\n\t\t\t\t\t\t<div class=\"elementor-element elementor-element-69389e81 elementor-widget elementor-widget-text-editor\" data-id=\"69389e81\" data-element_type=\"widget\" data-widget_type=\"text-editor.default\">\n\t\t\t\t<div class=\"elementor-widget-container\">\n\t\t\t\t\t\t\t\t\t<a class=\"profileLink\" href=\"https:\/\/www.facebook.com\/www.profhilo.net\/?__tn__=K-R&amp;eid=ARAfIjFKg9mlFNW1v6oCP2kcwGgk92WlhsZbXxyUzZC_px7vXMce9Def64zbdn0xi1_Esp7dt0FbN9LK&amp;fref=mentions&amp;__xts__%5B0%5D=68.ARD6AdSJd45CJumcrChgyxaD04KslEWHBDgDBMwbk_iTsusfgcwpuG6TsDovX2IEwYCRyXqY7udBB47BreNd9OPlTh3w1dvLNza7--1l6efDwmSZoScWzrExlFNYM7bt8ZQbfnmr3tFNHR7eNXo6RMNQmlRFiDpSPgyvoydzds1LuRw-wUYZIRGT6wUQ5NjQ-cf5MBEjfdijtFhxqNYmO_cZc797EAmKYyuvgpBeJmWKWULjMK7DlslzZFmJb1T4siSIl1PcJaheBzg70MhVZneNW27frZOEbpDLSqtV0iKHfgO0wu6MQyllXKwRwYOrX7PvRwM1lGYU_Nn5kH5Xm0FQlePF\" data-hovercard=\"\/ajax\/hovercard\/page.php?id=992494620868347&amp;extragetparams=%7B%22__tn__%22%3A%22%2CdK-R-R%22%2C%22eid%22%3A%22ARAfIjFKg9mlFNW1v6oCP2kcwGgk92WlhsZbXxyUzZC_px7vXMce9Def64zbdn0xi1_Esp7dt0FbN9LK%22%2C%22fref%22%3A%22mentions%22%7D\" data-hovercard-prefer-more-content-show=\"1\">Profhilo<\/a> to nagrodzona w 2015 r. przez francuski AMEC za innowacyjno\u015b\u0107, absolutna nowo\u015b\u0107 w \u015bwiecie medycyny estetycznej.\n\nSk\u0142ada si\u0119 ze stabilizowanych Kompleks\u00f3w Hybrydowych HA, L-HA oraz H-HA. Dzi\u0119ki nim uzyskujemy efekt wype\u0142niaj\u0105cy i plastyczny efekt modeluj\u0105cy.\n\n<a class=\"profileLink\" href=\"https:\/\/www.facebook.com\/www.profhilo.net\/?__tn__=K-R&amp;eid=ARCCVlSZTHHS6MsNerKSnVOiLXb2_6N0-THzTqQbwpX2ukHcOGuAg_EC2eNsjOSFo_d-LwJcK_Wuqj48&amp;fref=mentions&amp;__xts__%5B0%5D=68.ARD6AdSJd45CJumcrChgyxaD04KslEWHBDgDBMwbk_iTsusfgcwpuG6TsDovX2IEwYCRyXqY7udBB47BreNd9OPlTh3w1dvLNza7--1l6efDwmSZoScWzrExlFNYM7bt8ZQbfnmr3tFNHR7eNXo6RMNQmlRFiDpSPgyvoydzds1LuRw-wUYZIRGT6wUQ5NjQ-cf5MBEjfdijtFhxqNYmO_cZc797EAmKYyuvgpBeJmWKWULjMK7DlslzZFmJb1T4siSIl1PcJaheBzg70MhVZneNW27frZOEbpDLSqtV0iKHfgO0wu6MQyllXKwRwYOrX7PvRwM1lGYU_Nn5kH5Xm0FQlePF\" data-hovercard=\"\/ajax\/hovercard\/page.php?id=992494620868347&amp;extragetparams=%7B%22__tn__%22%3A%22%2CdK-R-R%22%2C%22eid%22%3A%22ARCCVlSZTHHS6MsNerKSnVOiLXb2_6N0-THzTqQbwpX2ukHcOGuAg_EC2eNsjOSFo_d-LwJcK_Wuqj48%22%2C%22fref%22%3A%22mentions%22%7D\" data-hovercard-prefer-more-content-show=\"1\">Profhilo<\/a> to NOWA <span class=\"_5mfr\"><span class=\"_6qdm\">\ud83d\udc89<\/span><\/span>SKUTECZNA<span class=\"_5mfr\"><span class=\"_6qdm\">\ud83d\udc89<\/span><\/span> METODA ODM\u0141ADZANIA!<span class=\"text_exposed_show\">\nJest to JEDYNY NA \u015aWIECIE preparat do bioremodelingu \/ przebudowy \/ przywr\u00f3cenia utraconych w procesie starzenia parametr\u00f3w sk\u00f3ry. <\/span>\n<div class=\"text_exposed_show\">\n\nEFEKTY to m.in.:\n* neutralizacja zwiotczenia sk\u00f3ry i tzw. &#8222;chomiczk\u00f3w&#8221;\n* przywr\u00f3cenie utraconego konturu\n* napi\u0119cie i przywr\u00f3cenie sk\u00f3rze spr\u0119\u017cysto\u015bci\n\n<img fetchpriority=\"high\" decoding=\"async\" class=\"alignnone  wp-image-428\" src=\"https:\/\/serwer1331410.home.pl\/home\/salonkosea\/www\/wp-content\/uploads\/2019\/11\/72822668_3217129534969460_7845305529093062656_o-300x179-1.jpg\" alt=\"\" width=\"833\" height=\"497\" \/>\n\n<\/div>\t\t\t\t\t\t\t\t<\/div>\n\t\t\t\t<\/div>\n\t\t\t\t\t<\/div>\n\t\t<\/div>\n\t\t\t\t\t<\/div>\n\t\t<\/section>\n\t\t\t\t<\/div>\n\t\t","protected":false},"excerpt":{"rendered":"<p>Profhilo to nagrodzona w 2015 r. przez francuski AMEC za innowacyjno\u015b\u0107, absolutna nowo\u015b\u0107 w \u015bwiecie medycyny estetycznej. Sk\u0142ada si\u0119 ze stabilizowanych Kompleks\u00f3w Hybrydowych HA, L-HA oraz H-HA. Dzi\u0119ki nim uzyskujemy &hellip; <\/p>\n","protected":false},"author":1,"featured_media":1212,"parent":0,"menu_order":0,"comment_status":"closed","ping_status":"closed","template":"","meta":{"footnotes":""},"class_list":["post-373","page","type-page","status-publish","has-post-thumbnail","hentry"],"yoast_head":"<!-- This site is optimized with the Yoast SEO plugin v25.6 - https:\/\/yoast.com\/wordpress\/plugins\/seo\/ -->\n<title>Termicznie sieciowany kwas hialuronowy - Ewa Kowal<\/title>\n<meta name=\"robots\" content=\"index, follow, max-snippet:-1, max-image-preview:large, max-video-preview:-1\" \/>\n<link rel=\"canonical\" href=\"http:\/\/salonkosmetyczny-niemcza.pl\/?page_id=373\" \/>\n<meta property=\"og:locale\" content=\"pl_PL\" \/>\n<meta property=\"og:type\" content=\"article\" \/>\n<meta property=\"og:title\" content=\"Termicznie sieciowany kwas hialuronowy - Ewa Kowal\" \/>\n<meta property=\"og:description\" content=\"Profhilo to nagrodzona w 2015 r. przez francuski AMEC za innowacyjno\u015b\u0107, absolutna nowo\u015b\u0107 w \u015bwiecie medycyny estetycznej. Sk\u0142ada si\u0119 ze stabilizowanych Kompleks\u00f3w Hybrydowych HA, L-HA oraz H-HA. Dzi\u0119ki nim uzyskujemy &hellip;\" \/>\n<meta property=\"og:url\" content=\"http:\/\/salonkosmetyczny-niemcza.pl\/?page_id=373\" \/>\n<meta property=\"og:site_name\" content=\"Ewa Kowal\" \/>\n<meta property=\"article:modified_time\" content=\"2024-05-08T19:51:18+00:00\" \/>\n<meta property=\"og:image\" content=\"http:\/\/salonkosmetyczny-niemcza.pl\/wp-content\/uploads\/2024\/02\/beauty-health-young-good-looking-skinny-caucasian-girl-with-dark-hair-bun-hairstyle-being-naked-with-relaxed-happy-expression-touching-hand-with-hands-scaled.jpg\" \/>\n\t<meta property=\"og:image:width\" content=\"2560\" \/>\n\t<meta property=\"og:image:height\" content=\"1707\" \/>\n\t<meta property=\"og:image:type\" content=\"image\/jpeg\" \/>\n<meta name=\"twitter:card\" content=\"summary_large_image\" \/>\n<script type=\"application\/ld+json\" class=\"yoast-schema-graph\">{\"@context\":\"https:\/\/schema.org\",\"@graph\":[{\"@type\":\"WebPage\",\"@id\":\"http:\/\/salonkosmetyczny-niemcza.pl\/?page_id=373\",\"url\":\"http:\/\/salonkosmetyczny-niemcza.pl\/?page_id=373\",\"name\":\"Termicznie sieciowany kwas hialuronowy - Ewa Kowal\",\"isPartOf\":{\"@id\":\"http:\/\/salonkosmetyczny-niemcza.pl\/#website\"},\"primaryImageOfPage\":{\"@id\":\"http:\/\/salonkosmetyczny-niemcza.pl\/?page_id=373#primaryimage\"},\"image\":{\"@id\":\"http:\/\/salonkosmetyczny-niemcza.pl\/?page_id=373#primaryimage\"},\"thumbnailUrl\":\"https:\/\/salonkosmetyczny-niemcza.pl\/wp-content\/uploads\/2024\/02\/beauty-health-young-good-looking-skinny-caucasian-girl-with-dark-hair-bun-hairstyle-being-naked-with-relaxed-happy-expression-touching-hand-with-hands-scaled.jpg\",\"datePublished\":\"2019-11-15T12:53:16+00:00\",\"dateModified\":\"2024-05-08T19:51:18+00:00\",\"breadcrumb\":{\"@id\":\"http:\/\/salonkosmetyczny-niemcza.pl\/?page_id=373#breadcrumb\"},\"inLanguage\":\"pl-PL\",\"potentialAction\":[{\"@type\":\"ReadAction\",\"target\":[\"http:\/\/salonkosmetyczny-niemcza.pl\/?page_id=373\"]}]},{\"@type\":\"ImageObject\",\"inLanguage\":\"pl-PL\",\"@id\":\"http:\/\/salonkosmetyczny-niemcza.pl\/?page_id=373#primaryimage\",\"url\":\"https:\/\/salonkosmetyczny-niemcza.pl\/wp-content\/uploads\/2024\/02\/beauty-health-young-good-looking-skinny-caucasian-girl-with-dark-hair-bun-hairstyle-being-naked-with-relaxed-happy-expression-touching-hand-with-hands-scaled.jpg\",\"contentUrl\":\"https:\/\/salonkosmetyczny-niemcza.pl\/wp-content\/uploads\/2024\/02\/beauty-health-young-good-looking-skinny-caucasian-girl-with-dark-hair-bun-hairstyle-being-naked-with-relaxed-happy-expression-touching-hand-with-hands-scaled.jpg\",\"width\":2560,\"height\":1707,\"caption\":\"Beauty and health. Young good-looking skinny caucasian girl with dark hair in bun hairstyle being naked, looking in camera with relaxed and happy expression, touching hand with hands, feeling refreshed after spa treatments\"},{\"@type\":\"BreadcrumbList\",\"@id\":\"http:\/\/salonkosmetyczny-niemcza.pl\/?page_id=373#breadcrumb\",\"itemListElement\":[{\"@type\":\"ListItem\",\"position\":1,\"name\":\"Strona g\u0142\u00f3wna\",\"item\":\"http:\/\/salonkosmetyczny-niemcza.pl\/\"},{\"@type\":\"ListItem\",\"position\":2,\"name\":\"Termicznie sieciowany kwas hialuronowy\"}]},{\"@type\":\"WebSite\",\"@id\":\"http:\/\/salonkosmetyczny-niemcza.pl\/#website\",\"url\":\"http:\/\/salonkosmetyczny-niemcza.pl\/\",\"name\":\"Ewa Kowal\",\"description\":\"Gabinet Kosmetyczny\",\"publisher\":{\"@id\":\"http:\/\/salonkosmetyczny-niemcza.pl\/#organization\"},\"potentialAction\":[{\"@type\":\"SearchAction\",\"target\":{\"@type\":\"EntryPoint\",\"urlTemplate\":\"http:\/\/salonkosmetyczny-niemcza.pl\/?s={search_term_string}\"},\"query-input\":{\"@type\":\"PropertyValueSpecification\",\"valueRequired\":true,\"valueName\":\"search_term_string\"}}],\"inLanguage\":\"pl-PL\"},{\"@type\":\"Organization\",\"@id\":\"http:\/\/salonkosmetyczny-niemcza.pl\/#organization\",\"name\":\"Ewa Kowal\",\"url\":\"http:\/\/salonkosmetyczny-niemcza.pl\/\",\"logo\":{\"@type\":\"ImageObject\",\"inLanguage\":\"pl-PL\",\"@id\":\"http:\/\/salonkosmetyczny-niemcza.pl\/#\/schema\/logo\/image\/\",\"url\":\"https:\/\/salonkosmetyczny-niemcza.pl\/wp-content\/uploads\/2023\/02\/cropped-ewakowal.png\",\"contentUrl\":\"https:\/\/salonkosmetyczny-niemcza.pl\/wp-content\/uploads\/2023\/02\/cropped-ewakowal.png\",\"width\":189,\"height\":150,\"caption\":\"Ewa Kowal\"},\"image\":{\"@id\":\"http:\/\/salonkosmetyczny-niemcza.pl\/#\/schema\/logo\/image\/\"}}]}<\/script>\n<!-- \/ Yoast SEO plugin. -->","yoast_head_json":{"title":"Termicznie sieciowany kwas hialuronowy - Ewa Kowal","robots":{"index":"index","follow":"follow","max-snippet":"max-snippet:-1","max-image-preview":"max-image-preview:large","max-video-preview":"max-video-preview:-1"},"canonical":"http:\/\/salonkosmetyczny-niemcza.pl\/?page_id=373","og_locale":"pl_PL","og_type":"article","og_title":"Termicznie sieciowany kwas hialuronowy - Ewa Kowal","og_description":"Profhilo to nagrodzona w 2015 r. przez francuski AMEC za innowacyjno\u015b\u0107, absolutna nowo\u015b\u0107 w \u015bwiecie medycyny estetycznej. Sk\u0142ada si\u0119 ze stabilizowanych Kompleks\u00f3w Hybrydowych HA, L-HA oraz H-HA. Dzi\u0119ki nim uzyskujemy &hellip;","og_url":"http:\/\/salonkosmetyczny-niemcza.pl\/?page_id=373","og_site_name":"Ewa Kowal","article_modified_time":"2024-05-08T19:51:18+00:00","og_image":[{"width":2560,"height":1707,"url":"http:\/\/salonkosmetyczny-niemcza.pl\/wp-content\/uploads\/2024\/02\/beauty-health-young-good-looking-skinny-caucasian-girl-with-dark-hair-bun-hairstyle-being-naked-with-relaxed-happy-expression-touching-hand-with-hands-scaled.jpg","type":"image\/jpeg"}],"twitter_card":"summary_large_image","schema":{"@context":"https:\/\/schema.org","@graph":[{"@type":"WebPage","@id":"http:\/\/salonkosmetyczny-niemcza.pl\/?page_id=373","url":"http:\/\/salonkosmetyczny-niemcza.pl\/?page_id=373","name":"Termicznie sieciowany kwas hialuronowy - Ewa Kowal","isPartOf":{"@id":"http:\/\/salonkosmetyczny-niemcza.pl\/#website"},"primaryImageOfPage":{"@id":"http:\/\/salonkosmetyczny-niemcza.pl\/?page_id=373#primaryimage"},"image":{"@id":"http:\/\/salonkosmetyczny-niemcza.pl\/?page_id=373#primaryimage"},"thumbnailUrl":"https:\/\/salonkosmetyczny-niemcza.pl\/wp-content\/uploads\/2024\/02\/beauty-health-young-good-looking-skinny-caucasian-girl-with-dark-hair-bun-hairstyle-being-naked-with-relaxed-happy-expression-touching-hand-with-hands-scaled.jpg","datePublished":"2019-11-15T12:53:16+00:00","dateModified":"2024-05-08T19:51:18+00:00","breadcrumb":{"@id":"http:\/\/salonkosmetyczny-niemcza.pl\/?page_id=373#breadcrumb"},"inLanguage":"pl-PL","potentialAction":[{"@type":"ReadAction","target":["http:\/\/salonkosmetyczny-niemcza.pl\/?page_id=373"]}]},{"@type":"ImageObject","inLanguage":"pl-PL","@id":"http:\/\/salonkosmetyczny-niemcza.pl\/?page_id=373#primaryimage","url":"https:\/\/salonkosmetyczny-niemcza.pl\/wp-content\/uploads\/2024\/02\/beauty-health-young-good-looking-skinny-caucasian-girl-with-dark-hair-bun-hairstyle-being-naked-with-relaxed-happy-expression-touching-hand-with-hands-scaled.jpg","contentUrl":"https:\/\/salonkosmetyczny-niemcza.pl\/wp-content\/uploads\/2024\/02\/beauty-health-young-good-looking-skinny-caucasian-girl-with-dark-hair-bun-hairstyle-being-naked-with-relaxed-happy-expression-touching-hand-with-hands-scaled.jpg","width":2560,"height":1707,"caption":"Beauty and health. Young good-looking skinny caucasian girl with dark hair in bun hairstyle being naked, looking in camera with relaxed and happy expression, touching hand with hands, feeling refreshed after spa treatments"},{"@type":"BreadcrumbList","@id":"http:\/\/salonkosmetyczny-niemcza.pl\/?page_id=373#breadcrumb","itemListElement":[{"@type":"ListItem","position":1,"name":"Strona g\u0142\u00f3wna","item":"http:\/\/salonkosmetyczny-niemcza.pl\/"},{"@type":"ListItem","position":2,"name":"Termicznie sieciowany kwas hialuronowy"}]},{"@type":"WebSite","@id":"http:\/\/salonkosmetyczny-niemcza.pl\/#website","url":"http:\/\/salonkosmetyczny-niemcza.pl\/","name":"Ewa Kowal","description":"Gabinet Kosmetyczny","publisher":{"@id":"http:\/\/salonkosmetyczny-niemcza.pl\/#organization"},"potentialAction":[{"@type":"SearchAction","target":{"@type":"EntryPoint","urlTemplate":"http:\/\/salonkosmetyczny-niemcza.pl\/?s={search_term_string}"},"query-input":{"@type":"PropertyValueSpecification","valueRequired":true,"valueName":"search_term_string"}}],"inLanguage":"pl-PL"},{"@type":"Organization","@id":"http:\/\/salonkosmetyczny-niemcza.pl\/#organization","name":"Ewa Kowal","url":"http:\/\/salonkosmetyczny-niemcza.pl\/","logo":{"@type":"ImageObject","inLanguage":"pl-PL","@id":"http:\/\/salonkosmetyczny-niemcza.pl\/#\/schema\/logo\/image\/","url":"https:\/\/salonkosmetyczny-niemcza.pl\/wp-content\/uploads\/2023\/02\/cropped-ewakowal.png","contentUrl":"https:\/\/salonkosmetyczny-niemcza.pl\/wp-content\/uploads\/2023\/02\/cropped-ewakowal.png","width":189,"height":150,"caption":"Ewa Kowal"},"image":{"@id":"http:\/\/salonkosmetyczny-niemcza.pl\/#\/schema\/logo\/image\/"}}]}},"_links":{"self":[{"href":"https:\/\/salonkosmetyczny-niemcza.pl\/index.php?rest_route=\/wp\/v2\/pages\/373","targetHints":{"allow":["GET"]}}],"collection":[{"href":"https:\/\/salonkosmetyczny-niemcza.pl\/index.php?rest_route=\/wp\/v2\/pages"}],"about":[{"href":"https:\/\/salonkosmetyczny-niemcza.pl\/index.php?rest_route=\/wp\/v2\/types\/page"}],"author":[{"embeddable":true,"href":"https:\/\/salonkosmetyczny-niemcza.pl\/index.php?rest_route=\/wp\/v2\/users\/1"}],"replies":[{"embeddable":true,"href":"https:\/\/salonkosmetyczny-niemcza.pl\/index.php?rest_route=%2Fwp%2Fv2%2Fcomments&post=373"}],"version-history":[{"count":9,"href":"https:\/\/salonkosmetyczny-niemcza.pl\/index.php?rest_route=\/wp\/v2\/pages\/373\/revisions"}],"predecessor-version":[{"id":1261,"href":"https:\/\/salonkosmetyczny-niemcza.pl\/index.php?rest_route=\/wp\/v2\/pages\/373\/revisions\/1261"}],"wp:featuredmedia":[{"embeddable":true,"href":"https:\/\/salonkosmetyczny-niemcza.pl\/index.php?rest_route=\/wp\/v2\/media\/1212"}],"wp:attachment":[{"href":"https:\/\/salonkosmetyczny-niemcza.pl\/index.php?rest_route=%2Fwp%2Fv2%2Fmedia&parent=373"}],"curies":[{"name":"wp","href":"https:\/\/api.w.org\/{rel}","templated":true}]}}