{"id":185,"date":"2018-09-18T08:17:28","date_gmt":"2018-09-18T06:17:28","guid":{"rendered":"https:\/\/serwer1331410.home.pl\/home\/salonkosea\/www\/?page_id=185"},"modified":"2024-02-29T20:49:26","modified_gmt":"2024-02-29T19:49:26","slug":"mezoterapia-mikroiglowa","status":"publish","type":"page","link":"https:\/\/salonkosmetyczny-niemcza.pl\/?page_id=185","title":{"rendered":"Mezoterapia mikroig\u0142owa"},"content":{"rendered":"\t\t<div data-elementor-type=\"wp-page\" data-elementor-id=\"185\" class=\"elementor elementor-185\">\n\t\t\t\t\t\t<section class=\"elementor-section elementor-top-section elementor-element elementor-element-50772d4 elementor-section-boxed elementor-section-height-default elementor-section-height-default wpr-particle-no wpr-jarallax-no wpr-parallax-no wpr-sticky-section-no\" data-id=\"50772d4\" data-element_type=\"section\">\n\t\t\t\t\t\t<div class=\"elementor-container elementor-column-gap-default\">\n\t\t\t\t\t<div class=\"elementor-column elementor-col-100 elementor-top-column elementor-element elementor-element-b11fc36\" data-id=\"b11fc36\" data-element_type=\"column\">\n\t\t\t<div class=\"elementor-widget-wrap elementor-element-populated\">\n\t\t\t\t\t\t<div class=\"elementor-element elementor-element-240a006 elementor-widget elementor-widget-heading\" data-id=\"240a006\" data-element_type=\"widget\" data-widget_type=\"heading.default\">\n\t\t\t\t<div class=\"elementor-widget-container\">\n\t\t\t\t\t<h5 class=\"elementor-heading-title elementor-size-default\">Rewolucyjne rozwi\u0105zanie problem\u00f3w starzej\u0105cej si\u0119 sk\u00f3ry<\/h5>\t\t\t\t<\/div>\n\t\t\t\t<\/div>\n\t\t\t\t<div class=\"elementor-element elementor-element-3c3bf1e elementor-widget elementor-widget-image\" data-id=\"3c3bf1e\" data-element_type=\"widget\" data-widget_type=\"image.default\">\n\t\t\t\t<div class=\"elementor-widget-container\">\n\t\t\t\t\t\t\t\t\t\t\t\t\t\t\t<img fetchpriority=\"high\" decoding=\"async\" width=\"1024\" height=\"576\" src=\"https:\/\/salonkosmetyczny-niemcza.pl\/wp-content\/uploads\/2024\/01\/face-neck-elderly-woman-with-signs-skin-aging-before-after-facelift-plastic-surgery-1024x576.jpg\" class=\"attachment-large size-large wp-image-819\" alt=\"\" srcset=\"https:\/\/salonkosmetyczny-niemcza.pl\/wp-content\/uploads\/2024\/01\/face-neck-elderly-woman-with-signs-skin-aging-before-after-facelift-plastic-surgery-1024x576.jpg 1024w, https:\/\/salonkosmetyczny-niemcza.pl\/wp-content\/uploads\/2024\/01\/face-neck-elderly-woman-with-signs-skin-aging-before-after-facelift-plastic-surgery-300x169.jpg 300w, https:\/\/salonkosmetyczny-niemcza.pl\/wp-content\/uploads\/2024\/01\/face-neck-elderly-woman-with-signs-skin-aging-before-after-facelift-plastic-surgery-768x432.jpg 768w, https:\/\/salonkosmetyczny-niemcza.pl\/wp-content\/uploads\/2024\/01\/face-neck-elderly-woman-with-signs-skin-aging-before-after-facelift-plastic-surgery-1536x864.jpg 1536w, https:\/\/salonkosmetyczny-niemcza.pl\/wp-content\/uploads\/2024\/01\/face-neck-elderly-woman-with-signs-skin-aging-before-after-facelift-plastic-surgery-2048x1152.jpg 2048w\" sizes=\"(max-width: 1024px) 100vw, 1024px\" \/>\t\t\t\t\t\t\t\t\t\t\t\t\t\t\t<\/div>\n\t\t\t\t<\/div>\n\t\t\t\t<div class=\"elementor-element elementor-element-0b36584 elementor-widget elementor-widget-text-editor\" data-id=\"0b36584\" data-element_type=\"widget\" data-widget_type=\"text-editor.default\">\n\t\t\t\t<div class=\"elementor-widget-container\">\n\t\t\t\t\t\t\t\t\t<p>Procesy starzenia si\u0119 sk\u00f3ry s\u0105 nieuniknione, jednak istnieje skuteczne rozwi\u0105zanie problem\u00f3w zwi\u0105zanych z utrat\u0105 blasku, elastyczno\u015bci i nawil\u017cenia. Mezoterapia mikroig\u0142owa, znana r\u00f3wnie\u017c jako Mezoterapia Anti-Aging, to innowacyjny zabieg, kt\u00f3ry mo\u017ce odmieni\u0107 wygl\u0105d sk\u00f3ry. W artykule tym przedstawimy, dlaczego warto rozwa\u017cy\u0107 mezoterapi\u0119 mikroig\u0142ow\u0105, jej efekty oraz niezb\u0119dne informacje dotycz\u0105ce tego innowacyjnego zabiegu.<\/p>\t\t\t\t\t\t\t\t<\/div>\n\t\t\t\t<\/div>\n\t\t\t\t<div class=\"elementor-element elementor-element-27919cc elementor-widget elementor-widget-heading\" data-id=\"27919cc\" data-element_type=\"widget\" data-widget_type=\"heading.default\">\n\t\t\t\t<div class=\"elementor-widget-container\">\n\t\t\t\t\t<h5 class=\"elementor-heading-title elementor-size-default\">Co musisz wiedzie\u0107?<\/h5>\t\t\t\t<\/div>\n\t\t\t\t<\/div>\n\t\t\t\t<div class=\"elementor-element elementor-element-10f67b3 elementor-widget elementor-widget-text-editor\" data-id=\"10f67b3\" data-element_type=\"widget\" data-widget_type=\"text-editor.default\">\n\t\t\t\t<div class=\"elementor-widget-container\">\n\t\t\t\t\t\t\t\t\t<p>Mezoterapia mikroig\u0142owa mo\u017ce by\u0107 stosowana na twarzy, szyi oraz dekolcie. Zalecana cz\u0119stotliwo\u015b\u0107 to <span id=\"m_-5107186796932447484_mce_caret\">4-5 zabieg\u00f3w co 4 tygodnie.<\/span><\/p>\t\t\t\t\t\t\t\t<\/div>\n\t\t\t\t<\/div>\n\t\t\t\t<div class=\"elementor-element elementor-element-5fad0c9 elementor-widget elementor-widget-heading\" data-id=\"5fad0c9\" data-element_type=\"widget\" data-widget_type=\"heading.default\">\n\t\t\t\t<div class=\"elementor-widget-container\">\n\t\t\t\t\t<h5 class=\"elementor-heading-title elementor-size-default\">Jak wygl\u0105da zabieg?<\/h5>\t\t\t\t<\/div>\n\t\t\t\t<\/div>\n\t\t\t\t<div class=\"elementor-element elementor-element-3ff67ed elementor-widget elementor-widget-text-editor\" data-id=\"3ff67ed\" data-element_type=\"widget\" data-widget_type=\"text-editor.default\">\n\t\t\t\t<div class=\"elementor-widget-container\">\n\t\t\t\t\t\t\t\t\t<p>Specjalista medycyny estetycznej przeprowadza wywiad, identyfikuje g\u0142\u00f3wne problemy, a nast\u0119pnie dobiera odpowiedni preparat. Zabieg polega na wykonaniu nak\u0142u\u0107 za pomoc\u0105 kartrid\u017cy z du\u017c\u0105 ilo\u015bci\u0105 igie\u0142, dostarczaj\u0105c od\u017cywcze i stymuluj\u0105ce substancje do tkanek.<\/p><p>Po zabiegu nale\u017cy nawil\u017ca\u0107 sk\u00f3r\u0119 i chroni\u0107 j\u0105 przed promieniowaniem UV.<\/p><p>Efekty mezoterapii mikroig\u0142owej obejmuj\u0105 blask, nawil\u017cenie, j\u0119drno\u015b\u0107 i redukcj\u0119 zmarszczek. Efekty utrzymuj\u0105 si\u0119 przez kilka miesi\u0119cy, zaleca si\u0119 wykonanie serii 4 zabieg\u00f3w co 4 tygodnie dla uzyskania trwa\u0142ych rezultat\u00f3w.<\/p><p>Zaczerwieniona sk\u00f3ra i niewielkie siniaki s\u0105 naturalnymi skutkami ubocznymi, znikaj\u0105cymi po nawil\u017caniu sk\u00f3ry.<\/p>\t\t\t\t\t\t\t\t<\/div>\n\t\t\t\t<\/div>\n\t\t\t\t<div class=\"elementor-element elementor-element-6e5c95d elementor-widget elementor-widget-image\" data-id=\"6e5c95d\" data-element_type=\"widget\" data-widget_type=\"image.default\">\n\t\t\t\t<div class=\"elementor-widget-container\">\n\t\t\t\t\t\t\t\t\t\t\t\t\t\t\t<img decoding=\"async\" width=\"1024\" height=\"683\" src=\"https:\/\/salonkosmetyczny-niemcza.pl\/wp-content\/uploads\/2024\/01\/charming-relaxed-gentle-young-woman-making-cosmetological-procedure-applying-facial-cream-face-with-fingers-smiling-broadly-feeling-perfect-taking-care-skin-1024x683.jpg\" class=\"attachment-large size-large wp-image-818\" alt=\"\" srcset=\"https:\/\/salonkosmetyczny-niemcza.pl\/wp-content\/uploads\/2024\/01\/charming-relaxed-gentle-young-woman-making-cosmetological-procedure-applying-facial-cream-face-with-fingers-smiling-broadly-feeling-perfect-taking-care-skin-1024x683.jpg 1024w, https:\/\/salonkosmetyczny-niemcza.pl\/wp-content\/uploads\/2024\/01\/charming-relaxed-gentle-young-woman-making-cosmetological-procedure-applying-facial-cream-face-with-fingers-smiling-broadly-feeling-perfect-taking-care-skin-300x200.jpg 300w, https:\/\/salonkosmetyczny-niemcza.pl\/wp-content\/uploads\/2024\/01\/charming-relaxed-gentle-young-woman-making-cosmetological-procedure-applying-facial-cream-face-with-fingers-smiling-broadly-feeling-perfect-taking-care-skin-768x512.jpg 768w, https:\/\/salonkosmetyczny-niemcza.pl\/wp-content\/uploads\/2024\/01\/charming-relaxed-gentle-young-woman-making-cosmetological-procedure-applying-facial-cream-face-with-fingers-smiling-broadly-feeling-perfect-taking-care-skin-1536x1024.jpg 1536w, https:\/\/salonkosmetyczny-niemcza.pl\/wp-content\/uploads\/2024\/01\/charming-relaxed-gentle-young-woman-making-cosmetological-procedure-applying-facial-cream-face-with-fingers-smiling-broadly-feeling-perfect-taking-care-skin-2048x1365.jpg 2048w\" sizes=\"(max-width: 1024px) 100vw, 1024px\" \/>\t\t\t\t\t\t\t\t\t\t\t\t\t\t\t<\/div>\n\t\t\t\t<\/div>\n\t\t\t\t<div class=\"elementor-element elementor-element-7fa8b98 elementor-widget elementor-widget-heading\" data-id=\"7fa8b98\" data-element_type=\"widget\" data-widget_type=\"heading.default\">\n\t\t\t\t<div class=\"elementor-widget-container\">\n\t\t\t\t\t<h5 class=\"elementor-heading-title elementor-size-default\">Podsumowanie<\/h5>\t\t\t\t<\/div>\n\t\t\t\t<\/div>\n\t\t\t\t<div class=\"elementor-element elementor-element-89dc272 elementor-widget elementor-widget-text-editor\" data-id=\"89dc272\" data-element_type=\"widget\" data-widget_type=\"text-editor.default\">\n\t\t\t\t<div class=\"elementor-widget-container\">\n\t\t\t\t\t\t\t\t\t<p>Mezoterapia mikroig\u0142owa to innowacyjne rozwi\u0105zanie problem\u00f3w zwi\u0105zanych ze starzeniem si\u0119 sk\u00f3ry. Dzi\u0119ki temu zabiegowi mo\u017cemy cieszy\u0107 si\u0119 m\u0142odszym wygl\u0105dem, pe\u0142nym blasku i witalno\u015bci\u0105. Niech to b\u0119dzie Tw\u00f3j klucz do zachowania pi\u0119knego i zdrowego wygl\u0105du sk\u00f3ry!<\/p>\t\t\t\t\t\t\t\t<\/div>\n\t\t\t\t<\/div>\n\t\t\t\t<div class=\"elementor-element elementor-element-5259433 content-align-cta-default elementor-widget elementor-widget-eael-cta-box\" data-id=\"5259433\" data-element_type=\"widget\" data-widget_type=\"eael-cta-box.default\">\n\t\t\t\t<div class=\"elementor-widget-container\">\n\t\t\t\t\t\t\t<div class=\"eael-call-to-action cta-basic bg-lite cta-preset-1\">\n        <h2 class=\"title eael-cta-heading\">Got\u00f3w na odmian\u0119 swojej sk\u00f3ry?<\/h2><p>Wypr\u00f3buj mezoterapi\u0119 mikroig\u0142ow\u0105 i poczuj r\u00f3\u017cnic\u0119 ju\u017c po pierwszym zabiegu! Skonsultuj si\u0119 z naszym specjalist\u0105 i um\u00f3w si\u0119 na zabieg ju\u017c teraz! \ud83c\udf1f <\/p><a href=\"https:\/\/serwer1331410.home.pl\/home\/salonkosea\/www\/?page_id=121\" class=\"cta-button cta-preset-1  \">Kontakt<\/a>\t<\/div>\n\t\t\t\t\t\t\t\t<\/div>\n\t\t\t\t<\/div>\n\t\t\t\t\t<\/div>\n\t\t<\/div>\n\t\t\t\t\t<\/div>\n\t\t<\/section>\n\t\t\t\t<\/div>\n\t\t","protected":false},"excerpt":{"rendered":"<p>Rewolucyjne rozwi\u0105zanie problem\u00f3w starzej\u0105cej si\u0119 sk\u00f3ry Procesy starzenia si\u0119 sk\u00f3ry s\u0105 nieuniknione, jednak istnieje skuteczne rozwi\u0105zanie problem\u00f3w zwi\u0105zanych z utrat\u0105 blasku, elastyczno\u015bci i nawil\u017cenia. Mezoterapia mikroig\u0142owa, znana r\u00f3wnie\u017c jako Mezoterapia &hellip; <\/p>\n","protected":false},"author":1,"featured_media":818,"parent":0,"menu_order":0,"comment_status":"closed","ping_status":"closed","template":"","meta":{"footnotes":""},"class_list":["post-185","page","type-page","status-publish","has-post-thumbnail","hentry"],"yoast_head":"<!-- This site is optimized with the Yoast SEO plugin v25.6 - https:\/\/yoast.com\/wordpress\/plugins\/seo\/ -->\n<title>Mezoterapia mikroig\u0142owa - Ewa Kowal<\/title>\n<meta name=\"robots\" content=\"index, follow, max-snippet:-1, max-image-preview:large, max-video-preview:-1\" \/>\n<link rel=\"canonical\" href=\"http:\/\/salonkosmetyczny-niemcza.pl\/?page_id=185\" \/>\n<meta property=\"og:locale\" content=\"pl_PL\" \/>\n<meta property=\"og:type\" content=\"article\" \/>\n<meta property=\"og:title\" content=\"Mezoterapia mikroig\u0142owa - Ewa Kowal\" \/>\n<meta property=\"og:description\" content=\"Rewolucyjne rozwi\u0105zanie problem\u00f3w starzej\u0105cej si\u0119 sk\u00f3ry Procesy starzenia si\u0119 sk\u00f3ry s\u0105 nieuniknione, jednak istnieje skuteczne rozwi\u0105zanie problem\u00f3w zwi\u0105zanych z utrat\u0105 blasku, elastyczno\u015bci i nawil\u017cenia. Mezoterapia mikroig\u0142owa, znana r\u00f3wnie\u017c jako Mezoterapia &hellip;\" \/>\n<meta property=\"og:url\" content=\"http:\/\/salonkosmetyczny-niemcza.pl\/?page_id=185\" \/>\n<meta property=\"og:site_name\" content=\"Ewa Kowal\" \/>\n<meta property=\"article:modified_time\" content=\"2024-02-29T19:49:26+00:00\" \/>\n<meta property=\"og:image\" content=\"http:\/\/salonkosmetyczny-niemcza.pl\/wp-content\/uploads\/2024\/01\/charming-relaxed-gentle-young-woman-making-cosmetological-procedure-applying-facial-cream-face-with-fingers-smiling-broadly-feeling-perfect-taking-care-skin-scaled.jpg\" \/>\n\t<meta property=\"og:image:width\" content=\"2560\" \/>\n\t<meta property=\"og:image:height\" content=\"1707\" \/>\n\t<meta property=\"og:image:type\" content=\"image\/jpeg\" \/>\n<meta name=\"twitter:card\" content=\"summary_large_image\" \/>\n<meta name=\"twitter:label1\" content=\"Szacowany czas czytania\" \/>\n\t<meta name=\"twitter:data1\" content=\"1 minuta\" \/>\n<script type=\"application\/ld+json\" class=\"yoast-schema-graph\">{\"@context\":\"https:\/\/schema.org\",\"@graph\":[{\"@type\":\"WebPage\",\"@id\":\"http:\/\/salonkosmetyczny-niemcza.pl\/?page_id=185\",\"url\":\"http:\/\/salonkosmetyczny-niemcza.pl\/?page_id=185\",\"name\":\"Mezoterapia mikroig\u0142owa - Ewa Kowal\",\"isPartOf\":{\"@id\":\"http:\/\/salonkosmetyczny-niemcza.pl\/#website\"},\"primaryImageOfPage\":{\"@id\":\"http:\/\/salonkosmetyczny-niemcza.pl\/?page_id=185#primaryimage\"},\"image\":{\"@id\":\"http:\/\/salonkosmetyczny-niemcza.pl\/?page_id=185#primaryimage\"},\"thumbnailUrl\":\"https:\/\/salonkosmetyczny-niemcza.pl\/wp-content\/uploads\/2024\/01\/charming-relaxed-gentle-young-woman-making-cosmetological-procedure-applying-facial-cream-face-with-fingers-smiling-broadly-feeling-perfect-taking-care-skin-scaled.jpg\",\"datePublished\":\"2018-09-18T06:17:28+00:00\",\"dateModified\":\"2024-02-29T19:49:26+00:00\",\"breadcrumb\":{\"@id\":\"http:\/\/salonkosmetyczny-niemcza.pl\/?page_id=185#breadcrumb\"},\"inLanguage\":\"pl-PL\",\"potentialAction\":[{\"@type\":\"ReadAction\",\"target\":[\"http:\/\/salonkosmetyczny-niemcza.pl\/?page_id=185\"]}]},{\"@type\":\"ImageObject\",\"inLanguage\":\"pl-PL\",\"@id\":\"http:\/\/salonkosmetyczny-niemcza.pl\/?page_id=185#primaryimage\",\"url\":\"https:\/\/salonkosmetyczny-niemcza.pl\/wp-content\/uploads\/2024\/01\/charming-relaxed-gentle-young-woman-making-cosmetological-procedure-applying-facial-cream-face-with-fingers-smiling-broadly-feeling-perfect-taking-care-skin-scaled.jpg\",\"contentUrl\":\"https:\/\/salonkosmetyczny-niemcza.pl\/wp-content\/uploads\/2024\/01\/charming-relaxed-gentle-young-woman-making-cosmetological-procedure-applying-facial-cream-face-with-fingers-smiling-broadly-feeling-perfect-taking-care-skin-scaled.jpg\",\"width\":2560,\"height\":1707,\"caption\":\"Waist-up shot of charming relaxed and gentle young woman making cosmetological procedure applying facial cream on face with fingers and smiling broadly feeling perfect, taking care of skin. Beauty and skincare concept\"},{\"@type\":\"BreadcrumbList\",\"@id\":\"http:\/\/salonkosmetyczny-niemcza.pl\/?page_id=185#breadcrumb\",\"itemListElement\":[{\"@type\":\"ListItem\",\"position\":1,\"name\":\"Strona g\u0142\u00f3wna\",\"item\":\"http:\/\/salonkosmetyczny-niemcza.pl\/\"},{\"@type\":\"ListItem\",\"position\":2,\"name\":\"Mezoterapia mikroig\u0142owa\"}]},{\"@type\":\"WebSite\",\"@id\":\"http:\/\/salonkosmetyczny-niemcza.pl\/#website\",\"url\":\"http:\/\/salonkosmetyczny-niemcza.pl\/\",\"name\":\"Ewa Kowal\",\"description\":\"Gabinet Kosmetyczny\",\"publisher\":{\"@id\":\"http:\/\/salonkosmetyczny-niemcza.pl\/#organization\"},\"potentialAction\":[{\"@type\":\"SearchAction\",\"target\":{\"@type\":\"EntryPoint\",\"urlTemplate\":\"http:\/\/salonkosmetyczny-niemcza.pl\/?s={search_term_string}\"},\"query-input\":{\"@type\":\"PropertyValueSpecification\",\"valueRequired\":true,\"valueName\":\"search_term_string\"}}],\"inLanguage\":\"pl-PL\"},{\"@type\":\"Organization\",\"@id\":\"http:\/\/salonkosmetyczny-niemcza.pl\/#organization\",\"name\":\"Ewa Kowal\",\"url\":\"http:\/\/salonkosmetyczny-niemcza.pl\/\",\"logo\":{\"@type\":\"ImageObject\",\"inLanguage\":\"pl-PL\",\"@id\":\"http:\/\/salonkosmetyczny-niemcza.pl\/#\/schema\/logo\/image\/\",\"url\":\"https:\/\/salonkosmetyczny-niemcza.pl\/wp-content\/uploads\/2023\/02\/cropped-ewakowal.png\",\"contentUrl\":\"https:\/\/salonkosmetyczny-niemcza.pl\/wp-content\/uploads\/2023\/02\/cropped-ewakowal.png\",\"width\":189,\"height\":150,\"caption\":\"Ewa Kowal\"},\"image\":{\"@id\":\"http:\/\/salonkosmetyczny-niemcza.pl\/#\/schema\/logo\/image\/\"}}]}<\/script>\n<!-- \/ Yoast SEO plugin. -->","yoast_head_json":{"title":"Mezoterapia mikroig\u0142owa - Ewa Kowal","robots":{"index":"index","follow":"follow","max-snippet":"max-snippet:-1","max-image-preview":"max-image-preview:large","max-video-preview":"max-video-preview:-1"},"canonical":"http:\/\/salonkosmetyczny-niemcza.pl\/?page_id=185","og_locale":"pl_PL","og_type":"article","og_title":"Mezoterapia mikroig\u0142owa - Ewa Kowal","og_description":"Rewolucyjne rozwi\u0105zanie problem\u00f3w starzej\u0105cej si\u0119 sk\u00f3ry Procesy starzenia si\u0119 sk\u00f3ry s\u0105 nieuniknione, jednak istnieje skuteczne rozwi\u0105zanie problem\u00f3w zwi\u0105zanych z utrat\u0105 blasku, elastyczno\u015bci i nawil\u017cenia. Mezoterapia mikroig\u0142owa, znana r\u00f3wnie\u017c jako Mezoterapia &hellip;","og_url":"http:\/\/salonkosmetyczny-niemcza.pl\/?page_id=185","og_site_name":"Ewa Kowal","article_modified_time":"2024-02-29T19:49:26+00:00","og_image":[{"width":2560,"height":1707,"url":"http:\/\/salonkosmetyczny-niemcza.pl\/wp-content\/uploads\/2024\/01\/charming-relaxed-gentle-young-woman-making-cosmetological-procedure-applying-facial-cream-face-with-fingers-smiling-broadly-feeling-perfect-taking-care-skin-scaled.jpg","type":"image\/jpeg"}],"twitter_card":"summary_large_image","twitter_misc":{"Szacowany czas czytania":"1 minuta"},"schema":{"@context":"https:\/\/schema.org","@graph":[{"@type":"WebPage","@id":"http:\/\/salonkosmetyczny-niemcza.pl\/?page_id=185","url":"http:\/\/salonkosmetyczny-niemcza.pl\/?page_id=185","name":"Mezoterapia mikroig\u0142owa - Ewa Kowal","isPartOf":{"@id":"http:\/\/salonkosmetyczny-niemcza.pl\/#website"},"primaryImageOfPage":{"@id":"http:\/\/salonkosmetyczny-niemcza.pl\/?page_id=185#primaryimage"},"image":{"@id":"http:\/\/salonkosmetyczny-niemcza.pl\/?page_id=185#primaryimage"},"thumbnailUrl":"https:\/\/salonkosmetyczny-niemcza.pl\/wp-content\/uploads\/2024\/01\/charming-relaxed-gentle-young-woman-making-cosmetological-procedure-applying-facial-cream-face-with-fingers-smiling-broadly-feeling-perfect-taking-care-skin-scaled.jpg","datePublished":"2018-09-18T06:17:28+00:00","dateModified":"2024-02-29T19:49:26+00:00","breadcrumb":{"@id":"http:\/\/salonkosmetyczny-niemcza.pl\/?page_id=185#breadcrumb"},"inLanguage":"pl-PL","potentialAction":[{"@type":"ReadAction","target":["http:\/\/salonkosmetyczny-niemcza.pl\/?page_id=185"]}]},{"@type":"ImageObject","inLanguage":"pl-PL","@id":"http:\/\/salonkosmetyczny-niemcza.pl\/?page_id=185#primaryimage","url":"https:\/\/salonkosmetyczny-niemcza.pl\/wp-content\/uploads\/2024\/01\/charming-relaxed-gentle-young-woman-making-cosmetological-procedure-applying-facial-cream-face-with-fingers-smiling-broadly-feeling-perfect-taking-care-skin-scaled.jpg","contentUrl":"https:\/\/salonkosmetyczny-niemcza.pl\/wp-content\/uploads\/2024\/01\/charming-relaxed-gentle-young-woman-making-cosmetological-procedure-applying-facial-cream-face-with-fingers-smiling-broadly-feeling-perfect-taking-care-skin-scaled.jpg","width":2560,"height":1707,"caption":"Waist-up shot of charming relaxed and gentle young woman making cosmetological procedure applying facial cream on face with fingers and smiling broadly feeling perfect, taking care of skin. Beauty and skincare concept"},{"@type":"BreadcrumbList","@id":"http:\/\/salonkosmetyczny-niemcza.pl\/?page_id=185#breadcrumb","itemListElement":[{"@type":"ListItem","position":1,"name":"Strona g\u0142\u00f3wna","item":"http:\/\/salonkosmetyczny-niemcza.pl\/"},{"@type":"ListItem","position":2,"name":"Mezoterapia mikroig\u0142owa"}]},{"@type":"WebSite","@id":"http:\/\/salonkosmetyczny-niemcza.pl\/#website","url":"http:\/\/salonkosmetyczny-niemcza.pl\/","name":"Ewa Kowal","description":"Gabinet Kosmetyczny","publisher":{"@id":"http:\/\/salonkosmetyczny-niemcza.pl\/#organization"},"potentialAction":[{"@type":"SearchAction","target":{"@type":"EntryPoint","urlTemplate":"http:\/\/salonkosmetyczny-niemcza.pl\/?s={search_term_string}"},"query-input":{"@type":"PropertyValueSpecification","valueRequired":true,"valueName":"search_term_string"}}],"inLanguage":"pl-PL"},{"@type":"Organization","@id":"http:\/\/salonkosmetyczny-niemcza.pl\/#organization","name":"Ewa Kowal","url":"http:\/\/salonkosmetyczny-niemcza.pl\/","logo":{"@type":"ImageObject","inLanguage":"pl-PL","@id":"http:\/\/salonkosmetyczny-niemcza.pl\/#\/schema\/logo\/image\/","url":"https:\/\/salonkosmetyczny-niemcza.pl\/wp-content\/uploads\/2023\/02\/cropped-ewakowal.png","contentUrl":"https:\/\/salonkosmetyczny-niemcza.pl\/wp-content\/uploads\/2023\/02\/cropped-ewakowal.png","width":189,"height":150,"caption":"Ewa Kowal"},"image":{"@id":"http:\/\/salonkosmetyczny-niemcza.pl\/#\/schema\/logo\/image\/"}}]}},"_links":{"self":[{"href":"https:\/\/salonkosmetyczny-niemcza.pl\/index.php?rest_route=\/wp\/v2\/pages\/185","targetHints":{"allow":["GET"]}}],"collection":[{"href":"https:\/\/salonkosmetyczny-niemcza.pl\/index.php?rest_route=\/wp\/v2\/pages"}],"about":[{"href":"https:\/\/salonkosmetyczny-niemcza.pl\/index.php?rest_route=\/wp\/v2\/types\/page"}],"author":[{"embeddable":true,"href":"https:\/\/salonkosmetyczny-niemcza.pl\/index.php?rest_route=\/wp\/v2\/users\/1"}],"replies":[{"embeddable":true,"href":"https:\/\/salonkosmetyczny-niemcza.pl\/index.php?rest_route=%2Fwp%2Fv2%2Fcomments&post=185"}],"version-history":[{"count":27,"href":"https:\/\/salonkosmetyczny-niemcza.pl\/index.php?rest_route=\/wp\/v2\/pages\/185\/revisions"}],"predecessor-version":[{"id":1142,"href":"https:\/\/salonkosmetyczny-niemcza.pl\/index.php?rest_route=\/wp\/v2\/pages\/185\/revisions\/1142"}],"wp:featuredmedia":[{"embeddable":true,"href":"https:\/\/salonkosmetyczny-niemcza.pl\/index.php?rest_route=\/wp\/v2\/media\/818"}],"wp:attachment":[{"href":"https:\/\/salonkosmetyczny-niemcza.pl\/index.php?rest_route=%2Fwp%2Fv2%2Fmedia&parent=185"}],"curies":[{"name":"wp","href":"https:\/\/api.w.org\/{rel}","templated":true}]}}