{"id":150,"date":"2018-09-18T07:30:04","date_gmt":"2018-09-18T05:30:04","guid":{"rendered":"https:\/\/serwer1331410.home.pl\/home\/salonkosea\/www\/?page_id=150"},"modified":"2024-02-29T21:47:32","modified_gmt":"2024-02-29T20:47:32","slug":"ipl","status":"publish","type":"page","link":"https:\/\/salonkosmetyczny-niemcza.pl\/?page_id=150","title":{"rendered":"IPL"},"content":{"rendered":"\t\t<div data-elementor-type=\"wp-page\" data-elementor-id=\"150\" class=\"elementor elementor-150\">\n\t\t\t\t\t\t<section class=\"elementor-section elementor-top-section elementor-element elementor-element-643e0d8d elementor-section-boxed elementor-section-height-default elementor-section-height-default wpr-particle-no wpr-jarallax-no wpr-parallax-no wpr-sticky-section-no\" data-id=\"643e0d8d\" data-element_type=\"section\">\n\t\t\t\t\t\t<div class=\"elementor-container elementor-column-gap-default\">\n\t\t\t\t\t<div class=\"elementor-column elementor-col-100 elementor-top-column elementor-element elementor-element-218148f7\" data-id=\"218148f7\" data-element_type=\"column\">\n\t\t\t<div class=\"elementor-widget-wrap elementor-element-populated\">\n\t\t\t\t\t\t<div class=\"elementor-element elementor-element-2c4d3bec elementor-widget elementor-widget-text-editor\" data-id=\"2c4d3bec\" data-element_type=\"widget\" data-widget_type=\"text-editor.default\">\n\t\t\t\t<div class=\"elementor-widget-container\">\n\t\t\t\t\t\t\t\t\t<h3>J-Light = IPL+ RF<\/h3>\nJ-Light\u00a0jest po\u0142\u0105czeniem dw\u00f3ch urz\u0105dze\u0144 :\u00a0IPL oraz RF\u00a0-\/ Intensywnie Pulsuj\u0105ce \u015bwiat\u0142o oraz fale radiowe \/ . Obecno\u015b\u0107 fal radiowych wspomaga dzia\u0142anie IPL- a, przez co zapewniona jest wy\u017csza skuteczno\u015b\u0107 zabiegu przy jednoczesnej znikomej bolesno\u015bci. Zabiegi sa o wiele efektywniejsze od zabieg\u00f3w samym IPL lub samym RF, poniewa\u017c urz\u0105dzenie uwalnia energi\u0119 z IPL i RF w tym samym czasie.\n<h4><strong>G\u0142\u00f3wne cechy lasera J-light to:<\/strong><\/h4>\nZabiegi wykonywane laserem J-light (IPL+RF) aplikowane sa na sk\u00f3r\u0119 wybi\u00f3rczo, tworz\u0105c wz\u00f3r r\u00f3wnomiernie rozmieszczonych stref mikrotermalnych. W strefy te kierowane jest \u015bwiat\u0142o lasera, kt\u00f3re g\u0142\u0119boko wnika i precyzyjnie penetruje zar\u00f3wno kom\u00f3rki tkanki podsk\u00f3rnej jak i sk\u00f3ry w\u0142a\u015bciwej. Poniewa\u017c sk\u00f3ra wok\u00f3\u0142 nie jest naruszona, gojenie sie nast\u0119puje szybko, a zabieg nie powoduje ran. Dlatego tez laser\u00a0J-light\u00a0jest prze\u0142omem w zabiegach medycyny estetycznej.\n\nDodatkowe\u00a0zalety J-light\u00a0to nieinwazyjno\u015b\u0107, efektywno\u015b\u0107, komfort oraz mo\u017cliwo\u015b\u0107 wykonywania zabieg\u00f3w przez ca\u0142y rok na ka\u017cdym fototypie sk\u00f3ry. Zabiegi laserem J-light , to innowacyjna technologia oferuj\u0105ca najlepsze cechy dotychczasowych system\u00f3w \u2013 doskona\u0142e wyniki bez utraty bezpiecze\u0144stwa, zminimalizowane efekty uboczne, znacznie skr\u00f3cony czas gojenia si\u0119 i o wiele kr\u00f3tsza terapia.\n<h4><strong>FUNKCJE J-light:<\/strong><\/h4>\n<ul>\n <li>Usuwanie ow\u0142osienia (w tym: blond i grubych ciemnych w\u0142os\u00f3w)<\/li>\n <li>Lifting twarzy<\/li>\n <li>Fotoodm\u0142adzanie<\/li>\n <li>Zamykanie naczynek<\/li>\n <li>Likwidacja tr\u0105dziku<\/li>\n <li>Sp\u0142ycanie g\u0142\u0119bokich blizn i rozst\u0119p\u00f3w<\/li>\n <li>Usuwanie blizn potr\u0105dzikowych<\/li>\n <li>Usuwanie przebarwie\u0144<\/li>\n <li>Wyg\u0142adzanie zmarszczek, poprawa tekstury sk\u00f3ry<\/li>\n <li>Poprawa owalu twarzy<\/li>\n<\/ul>\t\t\t\t\t\t\t\t<\/div>\n\t\t\t\t<\/div>\n\t\t\t\t\t<\/div>\n\t\t<\/div>\n\t\t\t\t\t<\/div>\n\t\t<\/section>\n\t\t\t\t<\/div>\n\t\t","protected":false},"excerpt":{"rendered":"<p>J-Light = IPL+ RF J-Light\u00a0jest po\u0142\u0105czeniem dw\u00f3ch urz\u0105dze\u0144 :\u00a0IPL oraz RF\u00a0-\/ Intensywnie Pulsuj\u0105ce \u015bwiat\u0142o oraz fale radiowe \/ . Obecno\u015b\u0107 fal radiowych wspomaga dzia\u0142anie IPL- a, przez co zapewniona jest &hellip; <\/p>\n","protected":false},"author":1,"featured_media":1240,"parent":0,"menu_order":0,"comment_status":"closed","ping_status":"closed","template":"","meta":{"footnotes":""},"class_list":["post-150","page","type-page","status-publish","has-post-thumbnail","hentry"],"yoast_head":"<!-- This site is optimized with the Yoast SEO plugin v25.6 - https:\/\/yoast.com\/wordpress\/plugins\/seo\/ -->\n<title>IPL - Ewa Kowal<\/title>\n<meta name=\"robots\" content=\"index, follow, max-snippet:-1, max-image-preview:large, max-video-preview:-1\" \/>\n<link rel=\"canonical\" href=\"http:\/\/salonkosmetyczny-niemcza.pl\/?page_id=150\" \/>\n<meta property=\"og:locale\" content=\"pl_PL\" \/>\n<meta property=\"og:type\" content=\"article\" \/>\n<meta property=\"og:title\" content=\"IPL - Ewa Kowal\" \/>\n<meta property=\"og:description\" content=\"J-Light = IPL+ RF J-Light\u00a0jest po\u0142\u0105czeniem dw\u00f3ch urz\u0105dze\u0144 :\u00a0IPL oraz RF\u00a0-\/ Intensywnie Pulsuj\u0105ce \u015bwiat\u0142o oraz fale radiowe \/ . Obecno\u015b\u0107 fal radiowych wspomaga dzia\u0142anie IPL- a, przez co zapewniona jest &hellip;\" \/>\n<meta property=\"og:url\" content=\"http:\/\/salonkosmetyczny-niemcza.pl\/?page_id=150\" \/>\n<meta property=\"og:site_name\" content=\"Ewa Kowal\" \/>\n<meta property=\"article:modified_time\" content=\"2024-02-29T20:47:32+00:00\" \/>\n<meta property=\"og:image\" content=\"http:\/\/salonkosmetyczny-niemcza.pl\/wp-content\/uploads\/2024\/02\/portrait-beautiful-blonde-woman-scaled.jpg\" \/>\n\t<meta property=\"og:image:width\" content=\"2560\" \/>\n\t<meta property=\"og:image:height\" content=\"1707\" \/>\n\t<meta property=\"og:image:type\" content=\"image\/jpeg\" \/>\n<meta name=\"twitter:card\" content=\"summary_large_image\" \/>\n<meta name=\"twitter:label1\" content=\"Szacowany czas czytania\" \/>\n\t<meta name=\"twitter:data1\" content=\"1 minuta\" \/>\n<script type=\"application\/ld+json\" class=\"yoast-schema-graph\">{\"@context\":\"https:\/\/schema.org\",\"@graph\":[{\"@type\":\"WebPage\",\"@id\":\"http:\/\/salonkosmetyczny-niemcza.pl\/?page_id=150\",\"url\":\"http:\/\/salonkosmetyczny-niemcza.pl\/?page_id=150\",\"name\":\"IPL - Ewa Kowal\",\"isPartOf\":{\"@id\":\"http:\/\/salonkosmetyczny-niemcza.pl\/#website\"},\"primaryImageOfPage\":{\"@id\":\"http:\/\/salonkosmetyczny-niemcza.pl\/?page_id=150#primaryimage\"},\"image\":{\"@id\":\"http:\/\/salonkosmetyczny-niemcza.pl\/?page_id=150#primaryimage\"},\"thumbnailUrl\":\"https:\/\/salonkosmetyczny-niemcza.pl\/wp-content\/uploads\/2024\/02\/portrait-beautiful-blonde-woman-scaled.jpg\",\"datePublished\":\"2018-09-18T05:30:04+00:00\",\"dateModified\":\"2024-02-29T20:47:32+00:00\",\"breadcrumb\":{\"@id\":\"http:\/\/salonkosmetyczny-niemcza.pl\/?page_id=150#breadcrumb\"},\"inLanguage\":\"pl-PL\",\"potentialAction\":[{\"@type\":\"ReadAction\",\"target\":[\"http:\/\/salonkosmetyczny-niemcza.pl\/?page_id=150\"]}]},{\"@type\":\"ImageObject\",\"inLanguage\":\"pl-PL\",\"@id\":\"http:\/\/salonkosmetyczny-niemcza.pl\/?page_id=150#primaryimage\",\"url\":\"https:\/\/salonkosmetyczny-niemcza.pl\/wp-content\/uploads\/2024\/02\/portrait-beautiful-blonde-woman-scaled.jpg\",\"contentUrl\":\"https:\/\/salonkosmetyczny-niemcza.pl\/wp-content\/uploads\/2024\/02\/portrait-beautiful-blonde-woman-scaled.jpg\",\"width\":2560,\"height\":1707,\"caption\":\"Beauty. Gorgeous woman with blonde hair\"},{\"@type\":\"BreadcrumbList\",\"@id\":\"http:\/\/salonkosmetyczny-niemcza.pl\/?page_id=150#breadcrumb\",\"itemListElement\":[{\"@type\":\"ListItem\",\"position\":1,\"name\":\"Strona g\u0142\u00f3wna\",\"item\":\"http:\/\/salonkosmetyczny-niemcza.pl\/\"},{\"@type\":\"ListItem\",\"position\":2,\"name\":\"IPL\"}]},{\"@type\":\"WebSite\",\"@id\":\"http:\/\/salonkosmetyczny-niemcza.pl\/#website\",\"url\":\"http:\/\/salonkosmetyczny-niemcza.pl\/\",\"name\":\"Ewa Kowal\",\"description\":\"Gabinet Kosmetyczny\",\"publisher\":{\"@id\":\"http:\/\/salonkosmetyczny-niemcza.pl\/#organization\"},\"potentialAction\":[{\"@type\":\"SearchAction\",\"target\":{\"@type\":\"EntryPoint\",\"urlTemplate\":\"http:\/\/salonkosmetyczny-niemcza.pl\/?s={search_term_string}\"},\"query-input\":{\"@type\":\"PropertyValueSpecification\",\"valueRequired\":true,\"valueName\":\"search_term_string\"}}],\"inLanguage\":\"pl-PL\"},{\"@type\":\"Organization\",\"@id\":\"http:\/\/salonkosmetyczny-niemcza.pl\/#organization\",\"name\":\"Ewa Kowal\",\"url\":\"http:\/\/salonkosmetyczny-niemcza.pl\/\",\"logo\":{\"@type\":\"ImageObject\",\"inLanguage\":\"pl-PL\",\"@id\":\"http:\/\/salonkosmetyczny-niemcza.pl\/#\/schema\/logo\/image\/\",\"url\":\"https:\/\/salonkosmetyczny-niemcza.pl\/wp-content\/uploads\/2023\/02\/cropped-ewakowal.png\",\"contentUrl\":\"https:\/\/salonkosmetyczny-niemcza.pl\/wp-content\/uploads\/2023\/02\/cropped-ewakowal.png\",\"width\":189,\"height\":150,\"caption\":\"Ewa Kowal\"},\"image\":{\"@id\":\"http:\/\/salonkosmetyczny-niemcza.pl\/#\/schema\/logo\/image\/\"}}]}<\/script>\n<!-- \/ Yoast SEO plugin. -->","yoast_head_json":{"title":"IPL - Ewa Kowal","robots":{"index":"index","follow":"follow","max-snippet":"max-snippet:-1","max-image-preview":"max-image-preview:large","max-video-preview":"max-video-preview:-1"},"canonical":"http:\/\/salonkosmetyczny-niemcza.pl\/?page_id=150","og_locale":"pl_PL","og_type":"article","og_title":"IPL - Ewa Kowal","og_description":"J-Light = IPL+ RF J-Light\u00a0jest po\u0142\u0105czeniem dw\u00f3ch urz\u0105dze\u0144 :\u00a0IPL oraz RF\u00a0-\/ Intensywnie Pulsuj\u0105ce \u015bwiat\u0142o oraz fale radiowe \/ . Obecno\u015b\u0107 fal radiowych wspomaga dzia\u0142anie IPL- a, przez co zapewniona jest &hellip;","og_url":"http:\/\/salonkosmetyczny-niemcza.pl\/?page_id=150","og_site_name":"Ewa Kowal","article_modified_time":"2024-02-29T20:47:32+00:00","og_image":[{"width":2560,"height":1707,"url":"http:\/\/salonkosmetyczny-niemcza.pl\/wp-content\/uploads\/2024\/02\/portrait-beautiful-blonde-woman-scaled.jpg","type":"image\/jpeg"}],"twitter_card":"summary_large_image","twitter_misc":{"Szacowany czas czytania":"1 minuta"},"schema":{"@context":"https:\/\/schema.org","@graph":[{"@type":"WebPage","@id":"http:\/\/salonkosmetyczny-niemcza.pl\/?page_id=150","url":"http:\/\/salonkosmetyczny-niemcza.pl\/?page_id=150","name":"IPL - Ewa Kowal","isPartOf":{"@id":"http:\/\/salonkosmetyczny-niemcza.pl\/#website"},"primaryImageOfPage":{"@id":"http:\/\/salonkosmetyczny-niemcza.pl\/?page_id=150#primaryimage"},"image":{"@id":"http:\/\/salonkosmetyczny-niemcza.pl\/?page_id=150#primaryimage"},"thumbnailUrl":"https:\/\/salonkosmetyczny-niemcza.pl\/wp-content\/uploads\/2024\/02\/portrait-beautiful-blonde-woman-scaled.jpg","datePublished":"2018-09-18T05:30:04+00:00","dateModified":"2024-02-29T20:47:32+00:00","breadcrumb":{"@id":"http:\/\/salonkosmetyczny-niemcza.pl\/?page_id=150#breadcrumb"},"inLanguage":"pl-PL","potentialAction":[{"@type":"ReadAction","target":["http:\/\/salonkosmetyczny-niemcza.pl\/?page_id=150"]}]},{"@type":"ImageObject","inLanguage":"pl-PL","@id":"http:\/\/salonkosmetyczny-niemcza.pl\/?page_id=150#primaryimage","url":"https:\/\/salonkosmetyczny-niemcza.pl\/wp-content\/uploads\/2024\/02\/portrait-beautiful-blonde-woman-scaled.jpg","contentUrl":"https:\/\/salonkosmetyczny-niemcza.pl\/wp-content\/uploads\/2024\/02\/portrait-beautiful-blonde-woman-scaled.jpg","width":2560,"height":1707,"caption":"Beauty. Gorgeous woman with blonde hair"},{"@type":"BreadcrumbList","@id":"http:\/\/salonkosmetyczny-niemcza.pl\/?page_id=150#breadcrumb","itemListElement":[{"@type":"ListItem","position":1,"name":"Strona g\u0142\u00f3wna","item":"http:\/\/salonkosmetyczny-niemcza.pl\/"},{"@type":"ListItem","position":2,"name":"IPL"}]},{"@type":"WebSite","@id":"http:\/\/salonkosmetyczny-niemcza.pl\/#website","url":"http:\/\/salonkosmetyczny-niemcza.pl\/","name":"Ewa Kowal","description":"Gabinet Kosmetyczny","publisher":{"@id":"http:\/\/salonkosmetyczny-niemcza.pl\/#organization"},"potentialAction":[{"@type":"SearchAction","target":{"@type":"EntryPoint","urlTemplate":"http:\/\/salonkosmetyczny-niemcza.pl\/?s={search_term_string}"},"query-input":{"@type":"PropertyValueSpecification","valueRequired":true,"valueName":"search_term_string"}}],"inLanguage":"pl-PL"},{"@type":"Organization","@id":"http:\/\/salonkosmetyczny-niemcza.pl\/#organization","name":"Ewa Kowal","url":"http:\/\/salonkosmetyczny-niemcza.pl\/","logo":{"@type":"ImageObject","inLanguage":"pl-PL","@id":"http:\/\/salonkosmetyczny-niemcza.pl\/#\/schema\/logo\/image\/","url":"https:\/\/salonkosmetyczny-niemcza.pl\/wp-content\/uploads\/2023\/02\/cropped-ewakowal.png","contentUrl":"https:\/\/salonkosmetyczny-niemcza.pl\/wp-content\/uploads\/2023\/02\/cropped-ewakowal.png","width":189,"height":150,"caption":"Ewa Kowal"},"image":{"@id":"http:\/\/salonkosmetyczny-niemcza.pl\/#\/schema\/logo\/image\/"}}]}},"_links":{"self":[{"href":"https:\/\/salonkosmetyczny-niemcza.pl\/index.php?rest_route=\/wp\/v2\/pages\/150","targetHints":{"allow":["GET"]}}],"collection":[{"href":"https:\/\/salonkosmetyczny-niemcza.pl\/index.php?rest_route=\/wp\/v2\/pages"}],"about":[{"href":"https:\/\/salonkosmetyczny-niemcza.pl\/index.php?rest_route=\/wp\/v2\/types\/page"}],"author":[{"embeddable":true,"href":"https:\/\/salonkosmetyczny-niemcza.pl\/index.php?rest_route=\/wp\/v2\/users\/1"}],"replies":[{"embeddable":true,"href":"https:\/\/salonkosmetyczny-niemcza.pl\/index.php?rest_route=%2Fwp%2Fv2%2Fcomments&post=150"}],"version-history":[{"count":6,"href":"https:\/\/salonkosmetyczny-niemcza.pl\/index.php?rest_route=\/wp\/v2\/pages\/150\/revisions"}],"predecessor-version":[{"id":1245,"href":"https:\/\/salonkosmetyczny-niemcza.pl\/index.php?rest_route=\/wp\/v2\/pages\/150\/revisions\/1245"}],"wp:featuredmedia":[{"embeddable":true,"href":"https:\/\/salonkosmetyczny-niemcza.pl\/index.php?rest_route=\/wp\/v2\/media\/1240"}],"wp:attachment":[{"href":"https:\/\/salonkosmetyczny-niemcza.pl\/index.php?rest_route=%2Fwp%2Fv2%2Fmedia&parent=150"}],"curies":[{"name":"wp","href":"https:\/\/api.w.org\/{rel}","templated":true}]}}