{"id":1147,"date":"2024-02-29T20:50:21","date_gmt":"2024-02-29T19:50:21","guid":{"rendered":"https:\/\/serwer1331410.home.pl\/home\/salonkosea\/www\/?page_id=1147"},"modified":"2024-06-07T16:11:25","modified_gmt":"2024-06-07T14:11:25","slug":"oferta-gabinetu","status":"publish","type":"page","link":"https:\/\/salonkosmetyczny-niemcza.pl\/?page_id=1147","title":{"rendered":"Oferta Gabinetu"},"content":{"rendered":"\t\t<div data-elementor-type=\"wp-page\" data-elementor-id=\"1147\" class=\"elementor elementor-1147\">\n\t\t\t\t\t\t<section class=\"elementor-section elementor-top-section elementor-element elementor-element-3d592c53 elementor-section-full_width elementor-section-height-default elementor-section-height-default wpr-particle-no wpr-jarallax-no wpr-parallax-no wpr-sticky-section-no\" data-id=\"3d592c53\" data-element_type=\"section\">\n\t\t\t\t\t\t<div class=\"elementor-container elementor-column-gap-no\">\n\t\t\t\t\t<div class=\"elementor-column elementor-col-50 elementor-top-column elementor-element elementor-element-314b1d71\" data-id=\"314b1d71\" data-element_type=\"column\">\n\t\t\t<div class=\"elementor-widget-wrap elementor-element-populated\">\n\t\t\t\t\t\t<div class=\"elementor-element elementor-element-1807eab9 elementor-widget elementor-widget-heading\" data-id=\"1807eab9\" data-element_type=\"widget\" data-widget_type=\"heading.default\">\n\t\t\t\t<div class=\"elementor-widget-container\">\n\t\t\t\t\t<p class=\"elementor-heading-title elementor-size-default\">Gabinet istnieje od 1998 r. \n<br><br>\nZajmuj\u0119 si\u0119 profesjonaln\u0105 piel\u0119gnacj\u0105 sk\u00f3ry, wspomaganiem leczenia chor\u00f3b dermatologicznych, defekt\u00f3w estetycznych a tak\u017ce piel\u0119gnacj\u0105 d\u0142oni i st\u00f3p, zar\u00f3wno kosmetyczn\u0105 jak i lecznicz\u0105.W swojej ofercie posiadam r\u00f3wnie\u017c zabiegi upi\u0119kszaj\u0105ce takie jak: makija\u017c permanentny, klasyczny, piel\u0119gnacja i upi\u0119kszanie oprawy oczu.Ze szczeg\u00f3ln\u0105 trosk\u0105 dbam o sta\u0142y rozw\u00f3j firmy, o wprowadzanie nowych standard\u00f3w higienicznych, nowo\u015bci kosmetycznych i kosmetologicznych a tak\u017ce systematyczne zdobywanie wiedzy z zakresu kosmetologii i kosmetyki profesjonalnej. \n<br><br>Posiadam wiedz\u0119 i umiej\u0119tno\u015bci, potwierdzone certyfikatami, uprawniaj\u0105ce do wykonywania zabieg\u00f3w z zakresu peeling\u00f3w dermatologicznych, Cosmelanu oraz mezoterapii.Na pierwszym miejscu stawiam dobro i bezpiecze\u0144stwo klienta oraz zapewniam przyst\u0119pne ceny.<\/p>\t\t\t\t<\/div>\n\t\t\t\t<\/div>\n\t\t\t\t\t<\/div>\n\t\t<\/div>\n\t\t\t\t<div class=\"elementor-column elementor-col-50 elementor-top-column elementor-element elementor-element-3d007783\" data-id=\"3d007783\" data-element_type=\"column\">\n\t\t\t<div class=\"elementor-widget-wrap elementor-element-populated\">\n\t\t\t\t\t\t<section class=\"elementor-section elementor-inner-section elementor-element elementor-element-495ea70d elementor-section-full_width elementor-section-height-default elementor-section-height-default wpr-particle-no wpr-jarallax-no wpr-parallax-no wpr-sticky-section-no\" data-id=\"495ea70d\" data-element_type=\"section\">\n\t\t\t\t\t\t<div class=\"elementor-container elementor-column-gap-no\">\n\t\t\t\t\t<div class=\"elementor-column elementor-col-50 elementor-inner-column elementor-element elementor-element-3457298b\" data-id=\"3457298b\" data-element_type=\"column\">\n\t\t\t<div class=\"elementor-widget-wrap elementor-element-populated\">\n\t\t\t\t\t\t<div class=\"elementor-element elementor-element-7002d085 elementor-position-top elementor-widget elementor-widget-image-box\" data-id=\"7002d085\" data-element_type=\"widget\" data-widget_type=\"image-box.default\">\n\t\t\t\t<div class=\"elementor-widget-container\">\n\t\t\t\t\t<div class=\"elementor-image-box-wrapper\"><figure class=\"elementor-image-box-img\"><a href=\"http:\/\/salonkosmetyczny-niemcza.pl\/?page_id=1169#\" tabindex=\"-1\"><img fetchpriority=\"high\" decoding=\"async\" width=\"2560\" height=\"1707\" src=\"http:\/\/salonkosmetyczny-niemcza.pl\/wp-content\/uploads\/2024\/01\/charming-relaxed-gentle-young-woman-making-cosmetological-procedure-applying-facial-cream-face-with-fingers-smiling-broadly-feeling-perfect-taking-care-skin-scaled.jpg\" class=\"elementor-animation-grow attachment-full size-full wp-image-818\" alt=\"\" srcset=\"https:\/\/salonkosmetyczny-niemcza.pl\/wp-content\/uploads\/2024\/01\/charming-relaxed-gentle-young-woman-making-cosmetological-procedure-applying-facial-cream-face-with-fingers-smiling-broadly-feeling-perfect-taking-care-skin-scaled.jpg 2560w, https:\/\/salonkosmetyczny-niemcza.pl\/wp-content\/uploads\/2024\/01\/charming-relaxed-gentle-young-woman-making-cosmetological-procedure-applying-facial-cream-face-with-fingers-smiling-broadly-feeling-perfect-taking-care-skin-300x200.jpg 300w, https:\/\/salonkosmetyczny-niemcza.pl\/wp-content\/uploads\/2024\/01\/charming-relaxed-gentle-young-woman-making-cosmetological-procedure-applying-facial-cream-face-with-fingers-smiling-broadly-feeling-perfect-taking-care-skin-1024x683.jpg 1024w, https:\/\/salonkosmetyczny-niemcza.pl\/wp-content\/uploads\/2024\/01\/charming-relaxed-gentle-young-woman-making-cosmetological-procedure-applying-facial-cream-face-with-fingers-smiling-broadly-feeling-perfect-taking-care-skin-768x512.jpg 768w, https:\/\/salonkosmetyczny-niemcza.pl\/wp-content\/uploads\/2024\/01\/charming-relaxed-gentle-young-woman-making-cosmetological-procedure-applying-facial-cream-face-with-fingers-smiling-broadly-feeling-perfect-taking-care-skin-1536x1024.jpg 1536w, https:\/\/salonkosmetyczny-niemcza.pl\/wp-content\/uploads\/2024\/01\/charming-relaxed-gentle-young-woman-making-cosmetological-procedure-applying-facial-cream-face-with-fingers-smiling-broadly-feeling-perfect-taking-care-skin-2048x1365.jpg 2048w\" sizes=\"(max-width: 2560px) 100vw, 2560px\" \/><\/a><\/figure><div class=\"elementor-image-box-content\"><h4 class=\"elementor-image-box-title\"><a href=\"http:\/\/salonkosmetyczny-niemcza.pl\/?page_id=1169#\">Kosmetologia estetyczna i regeneracyjna<\/a><\/h4><\/div><\/div>\t\t\t\t<\/div>\n\t\t\t\t<\/div>\n\t\t\t\t\t<\/div>\n\t\t<\/div>\n\t\t\t\t<div class=\"elementor-column elementor-col-50 elementor-inner-column elementor-element elementor-element-398710a7\" data-id=\"398710a7\" data-element_type=\"column\">\n\t\t\t<div class=\"elementor-widget-wrap elementor-element-populated\">\n\t\t\t\t\t\t<div class=\"elementor-element elementor-element-810f85e elementor-position-top elementor-widget elementor-widget-image-box\" data-id=\"810f85e\" data-element_type=\"widget\" data-widget_type=\"image-box.default\">\n\t\t\t\t<div class=\"elementor-widget-container\">\n\t\t\t\t\t<div class=\"elementor-image-box-wrapper\"><figure class=\"elementor-image-box-img\"><a href=\"http:\/\/salonkosmetyczny-niemcza.pl\/?page_id=1181\" tabindex=\"-1\"><img decoding=\"async\" width=\"2560\" height=\"1709\" src=\"http:\/\/salonkosmetyczny-niemcza.pl\/wp-content\/uploads\/2024\/01\/woman-receiving-facial-massage-spa-scaled.jpg\" class=\"elementor-animation-grow attachment-full size-full wp-image-811\" alt=\"\" srcset=\"https:\/\/salonkosmetyczny-niemcza.pl\/wp-content\/uploads\/2024\/01\/woman-receiving-facial-massage-spa-scaled.jpg 2560w, https:\/\/salonkosmetyczny-niemcza.pl\/wp-content\/uploads\/2024\/01\/woman-receiving-facial-massage-spa-300x200.jpg 300w, https:\/\/salonkosmetyczny-niemcza.pl\/wp-content\/uploads\/2024\/01\/woman-receiving-facial-massage-spa-1024x683.jpg 1024w, https:\/\/salonkosmetyczny-niemcza.pl\/wp-content\/uploads\/2024\/01\/woman-receiving-facial-massage-spa-768x513.jpg 768w, https:\/\/salonkosmetyczny-niemcza.pl\/wp-content\/uploads\/2024\/01\/woman-receiving-facial-massage-spa-1536x1025.jpg 1536w, https:\/\/salonkosmetyczny-niemcza.pl\/wp-content\/uploads\/2024\/01\/woman-receiving-facial-massage-spa-2048x1367.jpg 2048w\" sizes=\"(max-width: 2560px) 100vw, 2560px\" \/><\/a><\/figure><div class=\"elementor-image-box-content\"><h4 class=\"elementor-image-box-title\"><a href=\"http:\/\/salonkosmetyczny-niemcza.pl\/?page_id=1181\">Masa\u017ce<\/a><\/h4><\/div><\/div>\t\t\t\t<\/div>\n\t\t\t\t<\/div>\n\t\t\t\t\t<\/div>\n\t\t<\/div>\n\t\t\t\t\t<\/div>\n\t\t<\/section>\n\t\t\t\t<section class=\"elementor-section elementor-inner-section elementor-element elementor-element-13682061 elementor-section-full_width elementor-section-height-default elementor-section-height-default wpr-particle-no wpr-jarallax-no wpr-parallax-no wpr-sticky-section-no\" data-id=\"13682061\" data-element_type=\"section\">\n\t\t\t\t\t\t<div class=\"elementor-container elementor-column-gap-no\">\n\t\t\t\t\t<div class=\"elementor-column elementor-col-100 elementor-inner-column elementor-element elementor-element-256d0871\" data-id=\"256d0871\" data-element_type=\"column\">\n\t\t\t<div class=\"elementor-widget-wrap elementor-element-populated\">\n\t\t\t\t\t\t<div class=\"elementor-element elementor-element-513b8479 elementor-position-top elementor-widget elementor-widget-image-box\" data-id=\"513b8479\" data-element_type=\"widget\" data-widget_type=\"image-box.default\">\n\t\t\t\t<div class=\"elementor-widget-container\">\n\t\t\t\t\t<div class=\"elementor-image-box-wrapper\"><figure class=\"elementor-image-box-img\"><a href=\"http:\/\/salonkosmetyczny-niemcza.pl\/?page_id=1182\" tabindex=\"-1\"><img decoding=\"async\" width=\"1804\" height=\"1203\" src=\"http:\/\/salonkosmetyczny-niemcza.pl\/wp-content\/uploads\/2023\/02\/beautiful-woman-face-with-natural-nude-make-up-3.jpg\" class=\"elementor-animation-grow attachment-full size-full wp-image-638\" alt=\"\" srcset=\"https:\/\/salonkosmetyczny-niemcza.pl\/wp-content\/uploads\/2023\/02\/beautiful-woman-face-with-natural-nude-make-up-3.jpg 1804w, https:\/\/salonkosmetyczny-niemcza.pl\/wp-content\/uploads\/2023\/02\/beautiful-woman-face-with-natural-nude-make-up-3-300x200.jpg 300w, https:\/\/salonkosmetyczny-niemcza.pl\/wp-content\/uploads\/2023\/02\/beautiful-woman-face-with-natural-nude-make-up-3-1024x683.jpg 1024w, https:\/\/salonkosmetyczny-niemcza.pl\/wp-content\/uploads\/2023\/02\/beautiful-woman-face-with-natural-nude-make-up-3-768x512.jpg 768w, https:\/\/salonkosmetyczny-niemcza.pl\/wp-content\/uploads\/2023\/02\/beautiful-woman-face-with-natural-nude-make-up-3-1536x1024.jpg 1536w\" sizes=\"(max-width: 1804px) 100vw, 1804px\" \/><\/a><\/figure><div class=\"elementor-image-box-content\"><h4 class=\"elementor-image-box-title\"><a href=\"http:\/\/salonkosmetyczny-niemcza.pl\/?page_id=1182\">Zabiegi pozosta\u0142e<\/a><\/h4><\/div><\/div>\t\t\t\t<\/div>\n\t\t\t\t<\/div>\n\t\t\t\t\t<\/div>\n\t\t<\/div>\n\t\t\t\t\t<\/div>\n\t\t<\/section>\n\t\t\t\t\t<\/div>\n\t\t<\/div>\n\t\t\t\t\t<\/div>\n\t\t<\/section>\n\t\t\t\t<\/div>\n\t\t","protected":false},"excerpt":{"rendered":"<p>Gabinet istnieje od 1998 r. Zajmuj\u0119 si\u0119 profesjonaln\u0105 piel\u0119gnacj\u0105 sk\u00f3ry, wspomaganiem leczenia chor\u00f3b dermatologicznych, defekt\u00f3w estetycznych a tak\u017ce piel\u0119gnacj\u0105 d\u0142oni i st\u00f3p, zar\u00f3wno kosmetyczn\u0105 jak i lecznicz\u0105.W swojej ofercie posiadam &hellip; <\/p>\n","protected":false},"author":1,"featured_media":153,"parent":0,"menu_order":0,"comment_status":"closed","ping_status":"closed","template":"","meta":{"footnotes":""},"class_list":["post-1147","page","type-page","status-publish","has-post-thumbnail","hentry"],"yoast_head":"<!-- This site is optimized with the Yoast SEO plugin v25.6 - https:\/\/yoast.com\/wordpress\/plugins\/seo\/ -->\n<title>Oferta Gabinetu - Ewa Kowal<\/title>\n<meta name=\"robots\" content=\"index, follow, max-snippet:-1, max-image-preview:large, max-video-preview:-1\" \/>\n<link rel=\"canonical\" href=\"https:\/\/salonkosmetyczny-niemcza.pl\/?page_id=1147\" \/>\n<meta property=\"og:locale\" content=\"pl_PL\" \/>\n<meta property=\"og:type\" content=\"article\" \/>\n<meta property=\"og:title\" content=\"Oferta Gabinetu - Ewa Kowal\" \/>\n<meta property=\"og:description\" content=\"Gabinet istnieje od 1998 r. Zajmuj\u0119 si\u0119 profesjonaln\u0105 piel\u0119gnacj\u0105 sk\u00f3ry, wspomaganiem leczenia chor\u00f3b dermatologicznych, defekt\u00f3w estetycznych a tak\u017ce piel\u0119gnacj\u0105 d\u0142oni i st\u00f3p, zar\u00f3wno kosmetyczn\u0105 jak i lecznicz\u0105.W swojej ofercie posiadam &hellip;\" \/>\n<meta property=\"og:url\" content=\"https:\/\/salonkosmetyczny-niemcza.pl\/?page_id=1147\" \/>\n<meta property=\"og:site_name\" content=\"Ewa Kowal\" \/>\n<meta property=\"article:modified_time\" content=\"2024-06-07T14:11:25+00:00\" \/>\n<meta property=\"og:image\" content=\"https:\/\/salonkosmetyczny-niemcza.pl\/wp-content\/uploads\/2018\/09\/main.jpg\" \/>\n\t<meta property=\"og:image:width\" content=\"281\" \/>\n\t<meta property=\"og:image:height\" content=\"145\" \/>\n\t<meta property=\"og:image:type\" content=\"image\/jpeg\" \/>\n<meta name=\"twitter:card\" content=\"summary_large_image\" \/>\n<meta name=\"twitter:label1\" content=\"Szacowany czas czytania\" \/>\n\t<meta name=\"twitter:data1\" content=\"1 minuta\" \/>\n<script type=\"application\/ld+json\" class=\"yoast-schema-graph\">{\"@context\":\"https:\/\/schema.org\",\"@graph\":[{\"@type\":\"WebPage\",\"@id\":\"https:\/\/salonkosmetyczny-niemcza.pl\/?page_id=1147\",\"url\":\"https:\/\/salonkosmetyczny-niemcza.pl\/?page_id=1147\",\"name\":\"Oferta Gabinetu - Ewa Kowal\",\"isPartOf\":{\"@id\":\"https:\/\/salonkosmetyczny-niemcza.pl\/#website\"},\"primaryImageOfPage\":{\"@id\":\"https:\/\/salonkosmetyczny-niemcza.pl\/?page_id=1147#primaryimage\"},\"image\":{\"@id\":\"https:\/\/salonkosmetyczny-niemcza.pl\/?page_id=1147#primaryimage\"},\"thumbnailUrl\":\"https:\/\/salonkosmetyczny-niemcza.pl\/wp-content\/uploads\/2018\/09\/main.jpg\",\"datePublished\":\"2024-02-29T19:50:21+00:00\",\"dateModified\":\"2024-06-07T14:11:25+00:00\",\"breadcrumb\":{\"@id\":\"https:\/\/salonkosmetyczny-niemcza.pl\/?page_id=1147#breadcrumb\"},\"inLanguage\":\"pl-PL\",\"potentialAction\":[{\"@type\":\"ReadAction\",\"target\":[\"https:\/\/salonkosmetyczny-niemcza.pl\/?page_id=1147\"]}]},{\"@type\":\"ImageObject\",\"inLanguage\":\"pl-PL\",\"@id\":\"https:\/\/salonkosmetyczny-niemcza.pl\/?page_id=1147#primaryimage\",\"url\":\"https:\/\/salonkosmetyczny-niemcza.pl\/wp-content\/uploads\/2018\/09\/main.jpg\",\"contentUrl\":\"https:\/\/salonkosmetyczny-niemcza.pl\/wp-content\/uploads\/2018\/09\/main.jpg\",\"width\":281,\"height\":145},{\"@type\":\"BreadcrumbList\",\"@id\":\"https:\/\/salonkosmetyczny-niemcza.pl\/?page_id=1147#breadcrumb\",\"itemListElement\":[{\"@type\":\"ListItem\",\"position\":1,\"name\":\"Strona g\u0142\u00f3wna\",\"item\":\"https:\/\/salonkosmetyczny-niemcza.pl\/\"},{\"@type\":\"ListItem\",\"position\":2,\"name\":\"Oferta Gabinetu\"}]},{\"@type\":\"WebSite\",\"@id\":\"https:\/\/salonkosmetyczny-niemcza.pl\/#website\",\"url\":\"https:\/\/salonkosmetyczny-niemcza.pl\/\",\"name\":\"Ewa Kowal\",\"description\":\"Gabinet Kosmetyczny\",\"publisher\":{\"@id\":\"https:\/\/salonkosmetyczny-niemcza.pl\/#organization\"},\"potentialAction\":[{\"@type\":\"SearchAction\",\"target\":{\"@type\":\"EntryPoint\",\"urlTemplate\":\"https:\/\/salonkosmetyczny-niemcza.pl\/?s={search_term_string}\"},\"query-input\":{\"@type\":\"PropertyValueSpecification\",\"valueRequired\":true,\"valueName\":\"search_term_string\"}}],\"inLanguage\":\"pl-PL\"},{\"@type\":\"Organization\",\"@id\":\"https:\/\/salonkosmetyczny-niemcza.pl\/#organization\",\"name\":\"Ewa Kowal\",\"url\":\"https:\/\/salonkosmetyczny-niemcza.pl\/\",\"logo\":{\"@type\":\"ImageObject\",\"inLanguage\":\"pl-PL\",\"@id\":\"https:\/\/salonkosmetyczny-niemcza.pl\/#\/schema\/logo\/image\/\",\"url\":\"https:\/\/salonkosmetyczny-niemcza.pl\/wp-content\/uploads\/2023\/02\/cropped-ewakowal.png\",\"contentUrl\":\"https:\/\/salonkosmetyczny-niemcza.pl\/wp-content\/uploads\/2023\/02\/cropped-ewakowal.png\",\"width\":189,\"height\":150,\"caption\":\"Ewa Kowal\"},\"image\":{\"@id\":\"https:\/\/salonkosmetyczny-niemcza.pl\/#\/schema\/logo\/image\/\"}}]}<\/script>\n<!-- \/ Yoast SEO plugin. -->","yoast_head_json":{"title":"Oferta Gabinetu - Ewa Kowal","robots":{"index":"index","follow":"follow","max-snippet":"max-snippet:-1","max-image-preview":"max-image-preview:large","max-video-preview":"max-video-preview:-1"},"canonical":"https:\/\/salonkosmetyczny-niemcza.pl\/?page_id=1147","og_locale":"pl_PL","og_type":"article","og_title":"Oferta Gabinetu - Ewa Kowal","og_description":"Gabinet istnieje od 1998 r. Zajmuj\u0119 si\u0119 profesjonaln\u0105 piel\u0119gnacj\u0105 sk\u00f3ry, wspomaganiem leczenia chor\u00f3b dermatologicznych, defekt\u00f3w estetycznych a tak\u017ce piel\u0119gnacj\u0105 d\u0142oni i st\u00f3p, zar\u00f3wno kosmetyczn\u0105 jak i lecznicz\u0105.W swojej ofercie posiadam &hellip;","og_url":"https:\/\/salonkosmetyczny-niemcza.pl\/?page_id=1147","og_site_name":"Ewa Kowal","article_modified_time":"2024-06-07T14:11:25+00:00","og_image":[{"width":281,"height":145,"url":"https:\/\/salonkosmetyczny-niemcza.pl\/wp-content\/uploads\/2018\/09\/main.jpg","type":"image\/jpeg"}],"twitter_card":"summary_large_image","twitter_misc":{"Szacowany czas czytania":"1 minuta"},"schema":{"@context":"https:\/\/schema.org","@graph":[{"@type":"WebPage","@id":"https:\/\/salonkosmetyczny-niemcza.pl\/?page_id=1147","url":"https:\/\/salonkosmetyczny-niemcza.pl\/?page_id=1147","name":"Oferta Gabinetu - Ewa Kowal","isPartOf":{"@id":"https:\/\/salonkosmetyczny-niemcza.pl\/#website"},"primaryImageOfPage":{"@id":"https:\/\/salonkosmetyczny-niemcza.pl\/?page_id=1147#primaryimage"},"image":{"@id":"https:\/\/salonkosmetyczny-niemcza.pl\/?page_id=1147#primaryimage"},"thumbnailUrl":"https:\/\/salonkosmetyczny-niemcza.pl\/wp-content\/uploads\/2018\/09\/main.jpg","datePublished":"2024-02-29T19:50:21+00:00","dateModified":"2024-06-07T14:11:25+00:00","breadcrumb":{"@id":"https:\/\/salonkosmetyczny-niemcza.pl\/?page_id=1147#breadcrumb"},"inLanguage":"pl-PL","potentialAction":[{"@type":"ReadAction","target":["https:\/\/salonkosmetyczny-niemcza.pl\/?page_id=1147"]}]},{"@type":"ImageObject","inLanguage":"pl-PL","@id":"https:\/\/salonkosmetyczny-niemcza.pl\/?page_id=1147#primaryimage","url":"https:\/\/salonkosmetyczny-niemcza.pl\/wp-content\/uploads\/2018\/09\/main.jpg","contentUrl":"https:\/\/salonkosmetyczny-niemcza.pl\/wp-content\/uploads\/2018\/09\/main.jpg","width":281,"height":145},{"@type":"BreadcrumbList","@id":"https:\/\/salonkosmetyczny-niemcza.pl\/?page_id=1147#breadcrumb","itemListElement":[{"@type":"ListItem","position":1,"name":"Strona g\u0142\u00f3wna","item":"https:\/\/salonkosmetyczny-niemcza.pl\/"},{"@type":"ListItem","position":2,"name":"Oferta Gabinetu"}]},{"@type":"WebSite","@id":"https:\/\/salonkosmetyczny-niemcza.pl\/#website","url":"https:\/\/salonkosmetyczny-niemcza.pl\/","name":"Ewa Kowal","description":"Gabinet Kosmetyczny","publisher":{"@id":"https:\/\/salonkosmetyczny-niemcza.pl\/#organization"},"potentialAction":[{"@type":"SearchAction","target":{"@type":"EntryPoint","urlTemplate":"https:\/\/salonkosmetyczny-niemcza.pl\/?s={search_term_string}"},"query-input":{"@type":"PropertyValueSpecification","valueRequired":true,"valueName":"search_term_string"}}],"inLanguage":"pl-PL"},{"@type":"Organization","@id":"https:\/\/salonkosmetyczny-niemcza.pl\/#organization","name":"Ewa Kowal","url":"https:\/\/salonkosmetyczny-niemcza.pl\/","logo":{"@type":"ImageObject","inLanguage":"pl-PL","@id":"https:\/\/salonkosmetyczny-niemcza.pl\/#\/schema\/logo\/image\/","url":"https:\/\/salonkosmetyczny-niemcza.pl\/wp-content\/uploads\/2023\/02\/cropped-ewakowal.png","contentUrl":"https:\/\/salonkosmetyczny-niemcza.pl\/wp-content\/uploads\/2023\/02\/cropped-ewakowal.png","width":189,"height":150,"caption":"Ewa Kowal"},"image":{"@id":"https:\/\/salonkosmetyczny-niemcza.pl\/#\/schema\/logo\/image\/"}}]}},"_links":{"self":[{"href":"https:\/\/salonkosmetyczny-niemcza.pl\/index.php?rest_route=\/wp\/v2\/pages\/1147","targetHints":{"allow":["GET"]}}],"collection":[{"href":"https:\/\/salonkosmetyczny-niemcza.pl\/index.php?rest_route=\/wp\/v2\/pages"}],"about":[{"href":"https:\/\/salonkosmetyczny-niemcza.pl\/index.php?rest_route=\/wp\/v2\/types\/page"}],"author":[{"embeddable":true,"href":"https:\/\/salonkosmetyczny-niemcza.pl\/index.php?rest_route=\/wp\/v2\/users\/1"}],"replies":[{"embeddable":true,"href":"https:\/\/salonkosmetyczny-niemcza.pl\/index.php?rest_route=%2Fwp%2Fv2%2Fcomments&post=1147"}],"version-history":[{"count":13,"href":"https:\/\/salonkosmetyczny-niemcza.pl\/index.php?rest_route=\/wp\/v2\/pages\/1147\/revisions"}],"predecessor-version":[{"id":1346,"href":"https:\/\/salonkosmetyczny-niemcza.pl\/index.php?rest_route=\/wp\/v2\/pages\/1147\/revisions\/1346"}],"wp:featuredmedia":[{"embeddable":true,"href":"https:\/\/salonkosmetyczny-niemcza.pl\/index.php?rest_route=\/wp\/v2\/media\/153"}],"wp:attachment":[{"href":"https:\/\/salonkosmetyczny-niemcza.pl\/index.php?rest_route=%2Fwp%2Fv2%2Fmedia&parent=1147"}],"curies":[{"name":"wp","href":"https:\/\/api.w.org\/{rel}","templated":true}]}}